{"id":27,"date":"2016-03-10T12:58:40","date_gmt":"2016-03-10T11:58:40","guid":{"rendered":"http:\/\/artlive.ovh\/?page_id=27"},"modified":"2016-10-21T11:04:03","modified_gmt":"2016-10-21T10:04:03","slug":"27-2","status":"publish","type":"page","link":"https:\/\/artlive.ovh\/","title":{"rendered":"A R T L I V E"},"content":{"rendered":"<p>Avec sa prose, ses vers et ses m\u00e9taphores,\u00a0la po\u00e9sie r\u00e9g\u00e9n\u00e8re sans cesse la langue fran\u00e7aise,\u00a0elle \u00e9largit le champ des perceptions que nous avons de toutes choses.\u00a0Elle nous invite au voyage, dans l&rsquo;exploration de nos pens\u00e9es et nos sens, en les sublimant.<\/p>\n<p>Pour Paul Val\u00e9ry \u00ab\u00a0un po\u00e8me doit \u00eatre une f\u00eate de l&rsquo;intellect\u00a0\u00bb<\/p>\n<p>\u00ab\u00a0Tout est sujet, tout rel\u00e8ve de l&rsquo;art, tout a droit\u00a0de cit\u00e9 en po\u00e9sie, le po\u00e8te est libre!\u00a0\u00bb affirme Victor\u00a0Hugo&#8230; Qu&rsquo;il soit romantique, symboliste, surr\u00e9aliste,\u00a0moderne ou, depuis toujours: lanceur d&rsquo; alerte!<\/p>\n<p>Dans l&rsquo;orgie d&rsquo;images maquill\u00e9es de notre quotidien,\u00a0nous avons tous besoin, de celles cr\u00e9\u00e9es par notre\u00a0imaginaire ARTLIVE et les cr\u00e9ateurs vous\u00a0y invitent !<\/p>\n<p>Arr\u00eatons nous pour des moments de po\u00e9sie!<!--EndFragment --><\/p>\n","protected":false},"excerpt":{"rendered":"<p>Avec sa prose, ses vers et ses m\u00e9taphores,\u00a0la po\u00e9sie r\u00e9g\u00e9n\u00e8re sans cesse la langue fran\u00e7aise,\u00a0elle \u00e9largit le champ des perceptions que nous avons de toutes choses.\u00a0Elle nous invite au voyage, dans l&rsquo;exploration de nos pens\u00e9es et nos sens, en les sublimant. Pour Paul Val\u00e9ry \u00ab\u00a0un po\u00e8me doit \u00eatre une f\u00eate de l&rsquo;intellect\u00a0\u00bb \u00ab\u00a0Tout est sujet, &hellip; <a href=\"https:\/\/artlive.ovh\/\" class=\"more-link\">Continuer la lecture de <span class=\"screen-reader-text\">A R T L I V E<\/span>  <span class=\"meta-nav\">&rarr;<\/span><\/a><\/p>\n","protected":false},"author":1,"featured_media":0,"parent":0,"menu_order":0,"comment_status":"closed","ping_status":"closed","template":"","meta":{"jetpack_post_was_ever_published":false,"footnotes":""},"class_list":["post-27","page","type-page","status-publish","hentry"],"jetpack_sharing_enabled":true,"jetpack_shortlink":"https:\/\/wp.me\/P8sasH-r","_links":{"self":[{"href":"https:\/\/artlive.ovh\/index.php\/wp-json\/wp\/v2\/pages\/27","targetHints":{"allow":["GET"]}}],"collection":[{"href":"https:\/\/artlive.ovh\/index.php\/wp-json\/wp\/v2\/pages"}],"about":[{"href":"https:\/\/artlive.ovh\/index.php\/wp-json\/wp\/v2\/types\/page"}],"author":[{"embeddable":true,"href":"https:\/\/artlive.ovh\/index.php\/wp-json\/wp\/v2\/users\/1"}],"replies":[{"embeddable":true,"href":"https:\/\/artlive.ovh\/index.php\/wp-json\/wp\/v2\/comments?post=27"}],"version-history":[{"count":11,"href":"https:\/\/artlive.ovh\/index.php\/wp-json\/wp\/v2\/pages\/27\/revisions"}],"predecessor-version":[{"id":147,"href":"https:\/\/artlive.ovh\/index.php\/wp-json\/wp\/v2\/pages\/27\/revisions\/147"}],"wp:attachment":[{"href":"https:\/\/artlive.ovh\/index.php\/wp-json\/wp\/v2\/media?parent=27"}],"curies":[{"name":"wp","href":"https:\/\/api.w.org\/{rel}","templated":true}]}}